{"id":337,"date":"2023-05-01T09:56:11","date_gmt":"2023-05-01T09:56:11","guid":{"rendered":"http:\/\/tommays.fr\/site\/?page_id=337"},"modified":"2023-05-06T15:26:36","modified_gmt":"2023-05-06T15:26:36","slug":"improvisation","status":"publish","type":"page","link":"http:\/\/tommays.fr\/site\/projets\/improvisation\/","title":{"rendered":"improvisation"},"content":{"rendered":"\n<div class=\"wp-block-query alignwide is-layout-flow wp-block-query-is-layout-flow\"><ul class=\"is-flex-container columns-3 wp-block-post-template is-layout-flow wp-block-post-template-is-layout-flow\"><li class=\"wp-block-post post-225 jetpack-portfolio type-jetpack-portfolio status-publish format-standard hentry jetpack-portfolio-type-dance jetpack-portfolio-type-improvisation jetpack-portfolio-type-performance jetpack-portfolio-tag-camtrak jetpack-portfolio-tag-instrumental jetpack-portfolio-tag-interaction jetpack-portfolio-tag-live-electronic jetpack-portfolio-tag-performing-arts jetpack-portfolio-tag-real-time\">\n\n<div class=\"wp-block-group is-layout-flow wp-container-core-group-is-layout-820ac180 wp-block-group-is-layout-flow\" style=\"border-width:1px;border-radius:5px;padding-top:0;padding-right:0;padding-bottom:0;padding-left:0\">\n\n<h2 class=\"tw-link-hover-underline wp-block-post-title has-large-font-size\"><a href=\"http:\/\/tommays.fr\/site\/portfolio\/pieces-utilisant-de-la-camera-tracking\/\" target=\"_self\" >pi\u00e8ces utilisant de la camera tracking<\/a><\/h2>\n\n<div style=\"font-size:12px;\" class=\"wp-block-post-excerpt has-text-color has-custom-color-8-color\"><p class=\"wp-block-post-excerpt__excerpt\">http:\/\/tmays.free.fr\/proj\/av\/camtrkpiecesfr.html <\/p><\/div>\n\n\n<div class=\"wp-block-group has-small-font-size is-layout-flex wp-container-core-group-is-layout-61dbd000 wp-block-group-is-layout-flex\"><div style=\"font-size:12px;\" class=\"wp-block-post-date\"><time datetime=\"2008-04-26T09:43:00+00:00\">Apr 2008<\/time><\/div>\n\n<ul class=\"wp-block-archives-list wp-block-archives\">\t<li><a href='http:\/\/tommays.fr\/site\/2023\/05\/'>May 2023<\/a><\/li>\n\t<li><a href='http:\/\/tommays.fr\/site\/2008\/04\/'>April 2008<\/a><\/li>\n\t<li><a href='http:\/\/tommays.fr\/site\/1997\/03\/'>March 1997<\/a><\/li>\n\t<li><a href='http:\/\/tommays.fr\/site\/1996\/11\/'>November 1996<\/a><\/li>\n\t<li><a href='http:\/\/tommays.fr\/site\/1995\/03\/'>March 1995<\/a><\/li>\n\t<li><a href='http:\/\/tommays.fr\/site\/1994\/05\/'>May 1994<\/a><\/li>\n\t<li><a href='http:\/\/tommays.fr\/site\/1994\/03\/'>March 1994<\/a><\/li>\n\t<li><a href='http:\/\/tommays.fr\/site\/1993\/11\/'>November 1993<\/a><\/li>\n\t<li><a href='http:\/\/tommays.fr\/site\/1993\/10\/'>October 1993<\/a><\/li>\n\t<li><a href='http:\/\/tommays.fr\/site\/1993\/06\/'>June 1993<\/a><\/li>\n\t<li><a href='http:\/\/tommays.fr\/site\/1993\/05\/'>May 1993<\/a><\/li>\n\t<li><a href='http:\/\/tommays.fr\/site\/1992\/07\/'>July 1992<\/a><\/li>\n\t<li><a href='http:\/\/tommays.fr\/site\/1992\/06\/'>June 1992<\/a><\/li>\n\t<li><a href='http:\/\/tommays.fr\/site\/1992\/05\/'>May 1992<\/a><\/li>\n\t<li><a href='http:\/\/tommays.fr\/site\/1992\/04\/'>April 1992<\/a><\/li>\n\t<li><a href='http:\/\/tommays.fr\/site\/1991\/11\/'>November 1991<\/a><\/li>\n\t<li><a href='http:\/\/tommays.fr\/site\/1990\/05\/'>May 1990<\/a><\/li>\n\t<li><a href='http:\/\/tommays.fr\/site\/1989\/05\/'>May 1989<\/a><\/li>\n<\/ul>\n\n<\/div>\n<\/div>\n\n<\/li><li class=\"wp-block-post post-218 jetpack-portfolio type-jetpack-portfolio status-publish format-standard has-post-thumbnail hentry jetpack-portfolio-type-dance jetpack-portfolio-type-improvisation jetpack-portfolio-type-performance jetpack-portfolio-tag-camtrak jetpack-portfolio-tag-collaboration jetpack-portfolio-tag-interaction jetpack-portfolio-tag-live-electronic jetpack-portfolio-tag-performing-arts jetpack-portfolio-tag-real-time\">\n\n<div class=\"wp-block-group is-layout-flow wp-container-core-group-is-layout-820ac180 wp-block-group-is-layout-flow\" style=\"border-width:1px;border-radius:5px;padding-top:0;padding-right:0;padding-bottom:0;padding-left:0\"><figure style=\"margin-bottom:30px;\" class=\"tw-img-ratio-3-2 wp-block-post-featured-image\"><a href=\"http:\/\/tommays.fr\/site\/portfolio\/my-space\/\" target=\"_self\"  ><img loading=\"lazy\" decoding=\"async\" width=\"600\" height=\"400\" src=\"http:\/\/tommays.fr\/site\/wp-content\/uploads\/2008\/04\/SPE-MYSPACE08.jpg\" class=\"attachment-post-thumbnail size-post-thumbnail wp-post-image\" alt=\"my space\" style=\"object-fit:cover;\" srcset=\"http:\/\/tommays.fr\/site\/wp-content\/uploads\/2008\/04\/SPE-MYSPACE08.jpg 600w, http:\/\/tommays.fr\/site\/wp-content\/uploads\/2008\/04\/SPE-MYSPACE08-300x200.jpg 300w\" sizes=\"auto, (max-width: 600px) 100vw, 600px\" data-attachment-id=\"388\" data-permalink=\"http:\/\/tommays.fr\/site\/portfolio\/my-space\/spe-myspace08\/\" data-orig-file=\"http:\/\/tommays.fr\/site\/wp-content\/uploads\/2008\/04\/SPE-MYSPACE08.jpg\" data-orig-size=\"600,400\" data-comments-opened=\"0\" data-image-meta=\"{&quot;aperture&quot;:&quot;0&quot;,&quot;credit&quot;:&quot;&quot;,&quot;camera&quot;:&quot;&quot;,&quot;caption&quot;:&quot;&quot;,&quot;created_timestamp&quot;:&quot;0&quot;,&quot;copyright&quot;:&quot;&quot;,&quot;focal_length&quot;:&quot;0&quot;,&quot;iso&quot;:&quot;0&quot;,&quot;shutter_speed&quot;:&quot;0&quot;,&quot;title&quot;:&quot;&quot;,&quot;orientation&quot;:&quot;0&quot;}\" data-image-title=\"SPE-MYSPACE08\" data-image-description=\"\" data-image-caption=\"\" data-large-file=\"http:\/\/tommays.fr\/site\/wp-content\/uploads\/2008\/04\/SPE-MYSPACE08.jpg\" \/><\/a><\/figure>\n\n<h2 class=\"tw-link-hover-underline wp-block-post-title has-large-font-size\"><a href=\"http:\/\/tommays.fr\/site\/portfolio\/my-space\/\" target=\"_self\" >my space<\/a><\/h2>\n\n<div style=\"font-size:12px;\" class=\"wp-block-post-excerpt has-text-color has-custom-color-8-color\"><p class=\"wp-block-post-excerpt__excerpt\">2008 spectacle danse \/ musique Olivia Grandville&nbsp;\u2013&nbsp;Tom Mays&nbsp;\u2013&nbsp;J\u00e9r\u00f4me Noetinger cr\u00e9ation 2008 My Space &#8220;Un dispositif compos\u00e9 de trois tables. Celle des deux musiciens, J\u00e9r\u00f4me Noetinger (\u00e9lectro-acoustique) et Tom Mays (dispositif informatique temps r\u00e9el). A la table centrale, une danseuse, Olivia Grandville. Ses mouvements sont film\u00e9s et analys\u00e9s par l&#8217;ordinateur, les signaux ainsi recueillis interviennent sur&hellip; <\/p><\/div>\n\n\n<div class=\"wp-block-group has-small-font-size is-layout-flex wp-container-core-group-is-layout-61dbd000 wp-block-group-is-layout-flex\"><div style=\"font-size:12px;\" class=\"wp-block-post-date\"><time datetime=\"2008-04-26T09:20:30+00:00\">Apr 2008<\/time><\/div>\n\n<ul class=\"wp-block-archives-list wp-block-archives\">\t<li><a href='http:\/\/tommays.fr\/site\/2023\/05\/'>May 2023<\/a><\/li>\n\t<li><a href='http:\/\/tommays.fr\/site\/2008\/04\/'>April 2008<\/a><\/li>\n\t<li><a href='http:\/\/tommays.fr\/site\/1997\/03\/'>March 1997<\/a><\/li>\n\t<li><a href='http:\/\/tommays.fr\/site\/1996\/11\/'>November 1996<\/a><\/li>\n\t<li><a href='http:\/\/tommays.fr\/site\/1995\/03\/'>March 1995<\/a><\/li>\n\t<li><a href='http:\/\/tommays.fr\/site\/1994\/05\/'>May 1994<\/a><\/li>\n\t<li><a href='http:\/\/tommays.fr\/site\/1994\/03\/'>March 1994<\/a><\/li>\n\t<li><a href='http:\/\/tommays.fr\/site\/1993\/11\/'>November 1993<\/a><\/li>\n\t<li><a href='http:\/\/tommays.fr\/site\/1993\/10\/'>October 1993<\/a><\/li>\n\t<li><a href='http:\/\/tommays.fr\/site\/1993\/06\/'>June 1993<\/a><\/li>\n\t<li><a href='http:\/\/tommays.fr\/site\/1993\/05\/'>May 1993<\/a><\/li>\n\t<li><a href='http:\/\/tommays.fr\/site\/1992\/07\/'>July 1992<\/a><\/li>\n\t<li><a href='http:\/\/tommays.fr\/site\/1992\/06\/'>June 1992<\/a><\/li>\n\t<li><a href='http:\/\/tommays.fr\/site\/1992\/05\/'>May 1992<\/a><\/li>\n\t<li><a href='http:\/\/tommays.fr\/site\/1992\/04\/'>April 1992<\/a><\/li>\n\t<li><a href='http:\/\/tommays.fr\/site\/1991\/11\/'>November 1991<\/a><\/li>\n\t<li><a href='http:\/\/tommays.fr\/site\/1990\/05\/'>May 1990<\/a><\/li>\n\t<li><a href='http:\/\/tommays.fr\/site\/1989\/05\/'>May 1989<\/a><\/li>\n<\/ul>\n\n<\/div>\n<\/div>\n\n<\/li><li class=\"wp-block-post post-227 jetpack-portfolio type-jetpack-portfolio status-publish format-standard hentry jetpack-portfolio-type-dance jetpack-portfolio-type-improvisation jetpack-portfolio-type-instrumental jetpack-portfolio-type-performance jetpack-portfolio-tag-camtrak jetpack-portfolio-tag-collaboration jetpack-portfolio-tag-electroacoustic jetpack-portfolio-tag-instrumental jetpack-portfolio-tag-interaction jetpack-portfolio-tag-live-electronic jetpack-portfolio-tag-performing-arts jetpack-portfolio-tag-real-time\">\n\n<div class=\"wp-block-group is-layout-flow wp-container-core-group-is-layout-820ac180 wp-block-group-is-layout-flow\" style=\"border-width:1px;border-radius:5px;padding-top:0;padding-right:0;padding-bottom:0;padding-left:0\">\n\n<h2 class=\"tw-link-hover-underline wp-block-post-title has-large-font-size\"><a href=\"http:\/\/tommays.fr\/site\/portfolio\/crossroads\/\" target=\"_self\" >crossroads<\/a><\/h2>\n\n<div style=\"font-size:12px;\" class=\"wp-block-post-excerpt has-text-color has-custom-color-8-color\"><p class=\"wp-block-post-excerpt__excerpt\">2006 http:\/\/tmays.free.fr\/proj\/06\/crossroads\/crossroads.html <\/p><\/div>\n\n\n<div class=\"wp-block-group has-small-font-size is-layout-flex wp-container-core-group-is-layout-61dbd000 wp-block-group-is-layout-flex\"><div style=\"font-size:12px;\" class=\"wp-block-post-date\"><time datetime=\"2006-04-26T09:48:24+00:00\">Apr 2006<\/time><\/div>\n\n<ul class=\"wp-block-archives-list wp-block-archives\">\t<li><a href='http:\/\/tommays.fr\/site\/2023\/05\/'>May 2023<\/a><\/li>\n\t<li><a href='http:\/\/tommays.fr\/site\/2008\/04\/'>April 2008<\/a><\/li>\n\t<li><a href='http:\/\/tommays.fr\/site\/1997\/03\/'>March 1997<\/a><\/li>\n\t<li><a href='http:\/\/tommays.fr\/site\/1996\/11\/'>November 1996<\/a><\/li>\n\t<li><a href='http:\/\/tommays.fr\/site\/1995\/03\/'>March 1995<\/a><\/li>\n\t<li><a href='http:\/\/tommays.fr\/site\/1994\/05\/'>May 1994<\/a><\/li>\n\t<li><a href='http:\/\/tommays.fr\/site\/1994\/03\/'>March 1994<\/a><\/li>\n\t<li><a href='http:\/\/tommays.fr\/site\/1993\/11\/'>November 1993<\/a><\/li>\n\t<li><a href='http:\/\/tommays.fr\/site\/1993\/10\/'>October 1993<\/a><\/li>\n\t<li><a href='http:\/\/tommays.fr\/site\/1993\/06\/'>June 1993<\/a><\/li>\n\t<li><a href='http:\/\/tommays.fr\/site\/1993\/05\/'>May 1993<\/a><\/li>\n\t<li><a href='http:\/\/tommays.fr\/site\/1992\/07\/'>July 1992<\/a><\/li>\n\t<li><a href='http:\/\/tommays.fr\/site\/1992\/06\/'>June 1992<\/a><\/li>\n\t<li><a href='http:\/\/tommays.fr\/site\/1992\/05\/'>May 1992<\/a><\/li>\n\t<li><a href='http:\/\/tommays.fr\/site\/1992\/04\/'>April 1992<\/a><\/li>\n\t<li><a href='http:\/\/tommays.fr\/site\/1991\/11\/'>November 1991<\/a><\/li>\n\t<li><a href='http:\/\/tommays.fr\/site\/1990\/05\/'>May 1990<\/a><\/li>\n\t<li><a href='http:\/\/tommays.fr\/site\/1989\/05\/'>May 1989<\/a><\/li>\n<\/ul>\n\n<\/div>\n<\/div>\n\n<\/li><\/ul>\n\n<nav class=\"tw-mt-9 wp-block-query-pagination is-horizontal is-content-justification-center is-layout-flex wp-container-core-query-pagination-is-layout-03627597 wp-block-query-pagination-is-layout-flex\" aria-label=\"Pagination\">\n\n\n<div class=\"wp-block-query-pagination-numbers\"><span aria-current=\"page\" class=\"page-numbers current\">1<\/span>\n<a class=\"page-numbers\" href=\"?query-41-page=2\">2<\/a><\/div>\n\n<a href=\"\/site\/wp-json\/wp\/v2\/pages\/337?query-41-page=2\" class=\"wp-block-query-pagination-next\">Next<span class='wp-block-query-pagination-next-arrow is-arrow-chevron' aria-hidden='true'>\u00bb<\/span><\/a>\n<\/nav><\/div>\n","protected":false},"excerpt":{"rendered":"","protected":false},"author":1,"featured_media":352,"parent":422,"menu_order":0,"comment_status":"closed","ping_status":"closed","template":"wp-custom-template-page-projectsdisplay","meta":{"footnotes":""},"class_list":["post-337","page","type-page","status-publish","has-post-thumbnail","hentry"],"jetpack_sharing_enabled":true,"jetpack_shortlink":"https:\/\/wp.me\/P2nek0-5r","_links":{"self":[{"href":"http:\/\/tommays.fr\/site\/wp-json\/wp\/v2\/pages\/337","targetHints":{"allow":["GET"]}}],"collection":[{"href":"http:\/\/tommays.fr\/site\/wp-json\/wp\/v2\/pages"}],"about":[{"href":"http:\/\/tommays.fr\/site\/wp-json\/wp\/v2\/types\/page"}],"author":[{"embeddable":true,"href":"http:\/\/tommays.fr\/site\/wp-json\/wp\/v2\/users\/1"}],"replies":[{"embeddable":true,"href":"http:\/\/tommays.fr\/site\/wp-json\/wp\/v2\/comments?post=337"}],"version-history":[{"count":21,"href":"http:\/\/tommays.fr\/site\/wp-json\/wp\/v2\/pages\/337\/revisions"}],"predecessor-version":[{"id":617,"href":"http:\/\/tommays.fr\/site\/wp-json\/wp\/v2\/pages\/337\/revisions\/617"}],"up":[{"embeddable":true,"href":"http:\/\/tommays.fr\/site\/wp-json\/wp\/v2\/pages\/422"}],"wp:featuredmedia":[{"embeddable":true,"href":"http:\/\/tommays.fr\/site\/wp-json\/wp\/v2\/media\/352"}],"wp:attachment":[{"href":"http:\/\/tommays.fr\/site\/wp-json\/wp\/v2\/media?parent=337"}],"curies":[{"name":"wp","href":"https:\/\/api.w.org\/{rel}","templated":true}]}}